{"id":145,"date":"2019-08-20T06:04:34","date_gmt":"2019-08-20T06:04:34","guid":{"rendered":"http:\/\/www.sdh-brezina.cz\/programs\/"},"modified":"2021-06-24T11:16:31","modified_gmt":"2021-06-24T11:16:31","slug":"mladi-hasici","status":"publish","type":"page","link":"http:\/\/www.sdh-brezina.cz\/?page_id=145","title":{"rendered":"Mlad\u00ed hasi\u010di"},"content":{"rendered":"\t\t<div data-elementor-type=\"wp-post\" data-elementor-id=\"145\" class=\"elementor elementor-145\">\n\t\t\t\t\t\t<section class=\"elementor-section elementor-top-section elementor-element elementor-element-74ba2fac elementor-section-boxed elementor-section-height-default elementor-section-height-default\" data-id=\"74ba2fac\" data-element_type=\"section\" data-settings=\"{&quot;background_background&quot;:&quot;classic&quot;,&quot;shape_divider_bottom&quot;:&quot;triangle&quot;,&quot;shape_divider_bottom_negative&quot;:&quot;yes&quot;}\">\n\t\t\t\t\t\t\t<div class=\"elementor-background-overlay\"><\/div>\n\t\t\t\t\t\t<div class=\"elementor-shape elementor-shape-bottom\" data-negative=\"true\">\n\t\t\t<svg xmlns=\"http:\/\/www.w3.org\/2000\/svg\" viewBox=\"0 0 1000 100\" preserveAspectRatio=\"none\">\n\t<path class=\"elementor-shape-fill\" d=\"M500.2,94.7L0,0v100h1000V0L500.2,94.7z\"\/>\n<\/svg>\t\t<\/div>\n\t\t\t\t\t<div class=\"elementor-container elementor-column-gap-default\">\n\t\t\t\t\t<div class=\"elementor-column elementor-col-100 elementor-top-column elementor-element elementor-element-23262dea\" data-id=\"23262dea\" data-element_type=\"column\">\n\t\t\t<div class=\"elementor-widget-wrap elementor-element-populated\">\n\t\t\t\t\t\t<div class=\"elementor-element elementor-element-27af6558 elementor-widget elementor-widget-heading\" data-id=\"27af6558\" data-element_type=\"widget\" data-settings=\"{&quot;_animation&quot;:&quot;none&quot;}\" data-widget_type=\"heading.default\">\n\t\t\t\t<div class=\"elementor-widget-container\">\n\t\t\t<h2 class=\"elementor-heading-title elementor-size-default\">Mlad\u00ed hasi\u010di<\/h2>\t\t<\/div>\n\t\t\t\t<\/div>\n\t\t\t\t\t<\/div>\n\t\t<\/div>\n\t\t\t\t\t<\/div>\n\t\t<\/section>\n\t\t\t\t<section class=\"elementor-section elementor-top-section elementor-element elementor-element-8dc6205 elementor-reverse-mobile elementor-section-boxed elementor-section-height-default elementor-section-height-default\" data-id=\"8dc6205\" data-element_type=\"section\" data-settings=\"{&quot;background_background&quot;:&quot;classic&quot;}\">\n\t\t\t\t\t\t\t<div class=\"elementor-background-overlay\"><\/div>\n\t\t\t\t\t\t\t<div class=\"elementor-container elementor-column-gap-no\">\n\t\t\t\t\t<div class=\"elementor-column elementor-col-100 elementor-top-column elementor-element elementor-element-0b0aedc\" data-id=\"0b0aedc\" data-element_type=\"column\">\n\t\t\t<div class=\"elementor-widget-wrap elementor-element-populated\">\n\t\t\t\t\t\t<section class=\"elementor-section elementor-inner-section elementor-element elementor-element-6cad3d1 elementor-reverse-tablet elementor-section-boxed elementor-section-height-default elementor-section-height-default\" data-id=\"6cad3d1\" data-element_type=\"section\">\n\t\t\t\t\t\t<div class=\"elementor-container elementor-column-gap-default\">\n\t\t\t\t\t<div class=\"elementor-column elementor-col-50 elementor-inner-column elementor-element elementor-element-8e8665b\" data-id=\"8e8665b\" data-element_type=\"column\">\n\t\t\t<div class=\"elementor-widget-wrap elementor-element-populated\">\n\t\t\t\t\t\t<div class=\"elementor-element elementor-element-4b3340f elementor-widget elementor-widget-image\" data-id=\"4b3340f\" data-element_type=\"widget\" data-widget_type=\"image.default\">\n\t\t\t\t<div class=\"elementor-widget-container\">\n\t\t\t\t\t\t\t\t\t\t\t\t\t<img fetchpriority=\"high\" decoding=\"async\" width=\"1536\" height=\"1024\" src=\"http:\/\/www.sdh-brezina.cz\/wp-content\/uploads\/2021\/03\/A-1-1536x1024.jpg\" class=\"attachment-1536x1536 size-1536x1536 wp-image-24578\" alt=\"\" srcset=\"http:\/\/www.sdh-brezina.cz\/wp-content\/uploads\/2021\/03\/A-1-1536x1024.jpg 1536w, http:\/\/www.sdh-brezina.cz\/wp-content\/uploads\/2021\/03\/A-1-300x200.jpg 300w, http:\/\/www.sdh-brezina.cz\/wp-content\/uploads\/2021\/03\/A-1-1024x682.jpg 1024w, http:\/\/www.sdh-brezina.cz\/wp-content\/uploads\/2021\/03\/A-1-768x512.jpg 768w, http:\/\/www.sdh-brezina.cz\/wp-content\/uploads\/2021\/03\/A-1.jpg 2000w\" sizes=\"(max-width: 1536px) 100vw, 1536px\" \/>\t\t\t\t\t\t\t\t\t\t\t\t\t<\/div>\n\t\t\t\t<\/div>\n\t\t\t\t\t<\/div>\n\t\t<\/div>\n\t\t\t\t<div class=\"elementor-column elementor-col-50 elementor-inner-column elementor-element elementor-element-f5d6f1b\" data-id=\"f5d6f1b\" data-element_type=\"column\">\n\t\t\t<div class=\"elementor-widget-wrap elementor-element-populated\">\n\t\t\t\t\t\t<div class=\"elementor-element elementor-element-90971f3 elementor-widget elementor-widget-text-editor\" data-id=\"90971f3\" data-element_type=\"widget\" data-widget_type=\"text-editor.default\">\n\t\t\t\t<div class=\"elementor-widget-container\">\n\t\t\t\t\t\t\t<p>Kolektiv mlad\u00fdch hasi\u010d\u016f byl zalo\u017een v roce 2011 a nyn\u00ed \u010d\u00edt\u00e1 25 d\u011bt\u00ed v kategorii mlad\u0161\u00ed a star\u0161\u00ed \u017e\u00e1ci a 5 dorostenc\u016f. Cel\u00fd kolektiv se od roku 2012 pravideln\u011b \u00fa\u010dastn\u00ed z\u00e1vod\u016f za\u0159azen\u00fdch do Okresn\u00ed ligy ml\u00e1de\u017ee okresu Blansko, celost\u00e1tn\u00ed hry Plamen, \u010cesk\u00e9ho poh\u00e1ru v b\u011bhu na 100 metr\u016f s p\u0159ek\u00e1\u017ekami. P\u0159i voln\u00fdch v\u00edkendech p\u0159\u00edle\u017eitostn\u011b zav\u00edt\u00e1me i na sout\u011b\u017ee okoln\u00edch lig, nap\u0159\u00edklad Vy\u0161kovsk\u00e9ho sopt\u00edka nebo Brn\u011bnsk\u00e9 ligy.<\/p>\n<p>Od roku 2012 jsme se ze za\u010d\u00ednaj\u00edc\u00edch nov\u00e1\u010dk\u016f bez zku\u0161enost\u00ed vypracovali mezi nejlep\u0161\u00ed t\u00fdmy v okrese. Z\u00e1vody v\u0161ak nejsou jedinou \u010dinnost\u00ed mlad\u00fdch hasi\u010d\u016f. K \u00fasp\u011bchu na z\u00e1vodech je pot\u0159eba tak\u00e9 pravideln\u00fd tr\u00e9nink, kter\u00fd prob\u00edh\u00e1 2\u00d7 t\u00fddn\u011b na travnat\u00e9m sportovi\u0161ti za hasi\u010dskou zbrojnic\u00ed. Zimn\u00ed p\u0159\u00edprava prob\u00edh\u00e1 zpravidla v m\u00edstn\u00ed t\u011blocvi\u010dn\u011b, kde nab\u00edr\u00e1me kondici na l\u00e9to. Sportovi\u0161t\u011b. p\u0159ek\u00e1\u017eky i ve\u0161ker\u00e9 vybaven\u00ed pot\u0159ebuje pravidelnou \u00fadr\u017ebu. Na \u00fadr\u017eb\u011b se formou brig\u00e1d pod dohledem vedouc\u00edch pod\u00edl\u00ed tak\u00e9 samotn\u00e9 d\u011bti.<\/p>\t\t\t\t\t\t<\/div>\n\t\t\t\t<\/div>\n\t\t\t\t\t<\/div>\n\t\t<\/div>\n\t\t\t\t\t<\/div>\n\t\t<\/section>\n\t\t\t\t\t<\/div>\n\t\t<\/div>\n\t\t\t\t\t<\/div>\n\t\t<\/section>\n\t\t\t\t<section class=\"elementor-section elementor-top-section elementor-element elementor-element-a2d20dd elementor-section-full_width elementor-section-height-default elementor-section-height-default\" data-id=\"a2d20dd\" data-element_type=\"section\" data-settings=\"{&quot;background_background&quot;:&quot;classic&quot;}\">\n\t\t\t\t\t\t\t<div class=\"elementor-background-overlay\"><\/div>\n\t\t\t\t\t\t\t<div class=\"elementor-container elementor-column-gap-default\">\n\t\t\t\t\t<div class=\"elementor-column elementor-col-100 elementor-top-column elementor-element elementor-element-5af91a1\" data-id=\"5af91a1\" data-element_type=\"column\">\n\t\t\t<div class=\"elementor-widget-wrap elementor-element-populated\">\n\t\t\t\t\t\t<section class=\"elementor-section elementor-inner-section elementor-element elementor-element-c406387 elementor-section-boxed elementor-section-height-default elementor-section-height-default\" data-id=\"c406387\" data-element_type=\"section\">\n\t\t\t\t\t\t<div class=\"elementor-container elementor-column-gap-default\">\n\t\t\t\t\t<div class=\"elementor-column elementor-col-50 elementor-inner-column elementor-element elementor-element-96ce381\" data-id=\"96ce381\" data-element_type=\"column\">\n\t\t\t<div class=\"elementor-widget-wrap elementor-element-populated\">\n\t\t\t\t\t\t<div class=\"elementor-element elementor-element-996e662 elementor-widget elementor-widget-text-editor\" data-id=\"996e662\" data-element_type=\"widget\" data-widget_type=\"text-editor.default\">\n\t\t\t\t<div class=\"elementor-widget-container\">\n\t\t\t\t\t\t\t<p>Kvalifikovan\u00fdmi vedouc\u00edmi mlad\u00fdch hasi\u010d\u016f jsou Luk\u00e1\u0161 Neu\u017eil, Kamil Neu\u017eil a Vlastimil Bedna\u0159\u00edk. Na pomoc maj\u00ed t\u0159i dorostence, kte\u0159\u00ed \u00fasp\u011b\u0161n\u011b slo\u017eili instruktorsk\u00e9 zkou\u0161ky, Denisu Neu\u017eilovou, Julii N\u011bme\u010dkovou a Maty\u00e1\u0161e Han\u00e1ka. Vedouc\u00ed i instrukto\u0159i mus\u00ed svoji kvalifikaci ka\u017ed\u00e9 dva roky obnovovat. Sou\u010d\u00e1st\u00ed n\u011bkter\u00fdch z\u00e1vod\u016f jsou i v\u011bdomostn\u00ed discipl\u00edny, proto na tr\u00e9ninc\u00edch u\u010d\u00edme \u017e\u00e1ky z\u00e1klady zdravov\u011bdy, po\u017e\u00e1rn\u00ed ochranu, topografick\u00e9 zna\u010dky, v\u00e1z\u00e1n\u00ed uzl\u016f.\u00a0<\/p><p>Krom\u011b z\u00e1vod\u011bn\u00ed se zam\u011b\u0159ujeme tak\u00e9 na vzd\u011bl\u00e1v\u00e1n\u00ed mlad\u00fdch hasi\u010d\u016f, proto ka\u017ed\u00fd rok po\u0159\u00e1d\u00e1me pln\u011bn\u00ed odznak\u016f odbornost\u00ed. Ji\u017e od vzniku kolektivu si \u017e\u00e1ci vedou svoji kroniku, kam zapisuj\u00ed ve\u0161ker\u00e9 z\u00e1vody, akce i jin\u00e9 aktivity ze \u017eivota kolektivu.<\/p>\t\t\t\t\t\t<\/div>\n\t\t\t\t<\/div>\n\t\t\t\t\t<\/div>\n\t\t<\/div>\n\t\t\t\t<div class=\"elementor-column elementor-col-50 elementor-inner-column elementor-element elementor-element-930d646\" data-id=\"930d646\" data-element_type=\"column\">\n\t\t\t<div class=\"elementor-widget-wrap elementor-element-populated\">\n\t\t\t\t\t\t<div class=\"elementor-element elementor-element-3107e2c elementor-widget elementor-widget-image\" data-id=\"3107e2c\" data-element_type=\"widget\" data-widget_type=\"image.default\">\n\t\t\t\t<div class=\"elementor-widget-container\">\n\t\t\t\t\t\t\t\t\t\t\t\t\t<img decoding=\"async\" width=\"1024\" height=\"682\" src=\"http:\/\/www.sdh-brezina.cz\/wp-content\/uploads\/2021\/03\/IMG_6524-1024x682.jpg\" class=\"attachment-large size-large wp-image-1085\" alt=\"\" srcset=\"http:\/\/www.sdh-brezina.cz\/wp-content\/uploads\/2021\/03\/IMG_6524-1024x682.jpg 1024w, http:\/\/www.sdh-brezina.cz\/wp-content\/uploads\/2021\/03\/IMG_6524-300x200.jpg 300w, http:\/\/www.sdh-brezina.cz\/wp-content\/uploads\/2021\/03\/IMG_6524-768x512.jpg 768w, http:\/\/www.sdh-brezina.cz\/wp-content\/uploads\/2021\/03\/IMG_6524-1536x1024.jpg 1536w, http:\/\/www.sdh-brezina.cz\/wp-content\/uploads\/2021\/03\/IMG_6524.jpg 2000w\" sizes=\"(max-width: 1024px) 100vw, 1024px\" \/>\t\t\t\t\t\t\t\t\t\t\t\t\t<\/div>\n\t\t\t\t<\/div>\n\t\t\t\t\t<\/div>\n\t\t<\/div>\n\t\t\t\t\t<\/div>\n\t\t<\/section>\n\t\t\t\t\t<\/div>\n\t\t<\/div>\n\t\t\t\t\t<\/div>\n\t\t<\/section>\n\t\t\t\t<section class=\"elementor-section elementor-top-section elementor-element elementor-element-03eebbb elementor-section-boxed elementor-section-height-default elementor-section-height-default\" data-id=\"03eebbb\" data-element_type=\"section\" data-settings=\"{&quot;background_background&quot;:&quot;classic&quot;}\">\n\t\t\t\t\t\t\t<div class=\"elementor-background-overlay\"><\/div>\n\t\t\t\t\t\t\t<div class=\"elementor-container elementor-column-gap-no\">\n\t\t\t\t\t<div class=\"elementor-column elementor-col-100 elementor-top-column elementor-element elementor-element-854fe08\" data-id=\"854fe08\" data-element_type=\"column\">\n\t\t\t<div class=\"elementor-widget-wrap elementor-element-populated\">\n\t\t\t\t\t\t<section class=\"elementor-section elementor-inner-section elementor-element elementor-element-8e8d2a1 elementor-reverse-tablet elementor-section-boxed elementor-section-height-default elementor-section-height-default\" data-id=\"8e8d2a1\" data-element_type=\"section\">\n\t\t\t\t\t\t<div class=\"elementor-container elementor-column-gap-default\">\n\t\t\t\t\t<div class=\"elementor-column elementor-col-50 elementor-inner-column elementor-element elementor-element-9cf0a92\" data-id=\"9cf0a92\" data-element_type=\"column\">\n\t\t\t<div class=\"elementor-widget-wrap elementor-element-populated\">\n\t\t\t\t\t\t<div class=\"elementor-element elementor-element-fdcaea5 elementor-widget elementor-widget-image\" data-id=\"fdcaea5\" data-element_type=\"widget\" data-widget_type=\"image.default\">\n\t\t\t\t<div class=\"elementor-widget-container\">\n\t\t\t\t\t\t\t\t\t\t\t\t\t<img decoding=\"async\" width=\"1024\" height=\"682\" src=\"http:\/\/www.sdh-brezina.cz\/wp-content\/uploads\/2021\/03\/IMG_6523-1024x682.jpg\" class=\"attachment-large size-large wp-image-1084\" alt=\"\" srcset=\"http:\/\/www.sdh-brezina.cz\/wp-content\/uploads\/2021\/03\/IMG_6523-1024x682.jpg 1024w, http:\/\/www.sdh-brezina.cz\/wp-content\/uploads\/2021\/03\/IMG_6523-300x200.jpg 300w, http:\/\/www.sdh-brezina.cz\/wp-content\/uploads\/2021\/03\/IMG_6523-768x512.jpg 768w, http:\/\/www.sdh-brezina.cz\/wp-content\/uploads\/2021\/03\/IMG_6523-1536x1024.jpg 1536w, http:\/\/www.sdh-brezina.cz\/wp-content\/uploads\/2021\/03\/IMG_6523.jpg 2000w\" sizes=\"(max-width: 1024px) 100vw, 1024px\" \/>\t\t\t\t\t\t\t\t\t\t\t\t\t<\/div>\n\t\t\t\t<\/div>\n\t\t\t\t\t<\/div>\n\t\t<\/div>\n\t\t\t\t<div class=\"elementor-column elementor-col-50 elementor-inner-column elementor-element elementor-element-7e705f3\" data-id=\"7e705f3\" data-element_type=\"column\">\n\t\t\t<div class=\"elementor-widget-wrap elementor-element-populated\">\n\t\t\t\t\t\t<div class=\"elementor-element elementor-element-b04255b elementor-widget elementor-widget-text-editor\" data-id=\"b04255b\" data-element_type=\"widget\" data-widget_type=\"text-editor.default\">\n\t\t\t\t<div class=\"elementor-widget-container\">\n\t\t\t\t\t\t\t<p>Odm\u011bnou pro \u017e\u00e1ky jsou r\u016fzn\u00e9 v\u00fdlety a akce, kter\u00e9 pro n\u011b po\u0159\u00e1d\u00e1me. Ka\u017ed\u00fd rok bereme \u017e\u00e1ky do aquaparku, aby si vodu u\u017eili i jinak. V roce 2019 byli mlad\u0161\u00ed \u017e\u00e1ci za odm\u011bnu nav\u00edc je\u0161t\u011b v d\u011btsk\u00e9m z\u00e1bavn\u00edm centru Bongo a star\u0161\u00ed na bowlingu. Ob\u010das se n\u00e1m na z\u00e1vodech poda\u0159\u00ed vyhr\u00e1t n\u011bjak\u00e9 poukazy na aktivity, proto jsme \u017e\u00e1ky mohli vz\u00edt t\u0159eba na laser game. Pro \u017e\u00e1ky se n\u00e1m povedlo domluvit i prohl\u00eddky ve\u0159ejnosti nep\u0159\u00edstupn\u00fdch jeskyn\u00ed v na\u0161em okol\u00ed.\u00a0<\/p><p>Tato akce byla velmi \u00fasp\u011b\u0161n\u00e1, i proto jsme ji zopakovali v\u00edcekr\u00e1t. Uk\u00e1zalo se, \u017ee plazen\u00ed v bl\u00e1t\u011b po b\u0159i\u0161e bav\u00ed d\u011bti v\u0161eho v\u011bku. Vedouc\u00ed se sna\u017e\u00ed pro \u017e\u00e1ky vym\u00fd\u0161let i akce, kter\u00e9 by je bavily a z\u00e1rove\u0148 u\u010dily. Nap\u0159\u00edklad Cesta za pokladem, kter\u00e1 byla pojata jako z\u00e1bavn\u011bj\u0161\u00ed brann\u00fd z\u00e1vod, s odm\u011bnou na konci m\u011bl velk\u00fd \u00fasp\u011bch. Mo\u017en\u00e1 i proto, \u017ee d\u011bti u n\u00e1s nemaj\u00ed jen tvrd\u00fd dril, ale i z\u00e1bavu s n\u00e1mi z\u016fst\u00e1vaj\u00ed od mlad\u0161\u00edch \u017e\u00e1k\u016f a\u017e po dosp\u011bl\u00e9 z\u00e1vodn\u00edky.<\/p>\t\t\t\t\t\t<\/div>\n\t\t\t\t<\/div>\n\t\t\t\t\t<\/div>\n\t\t<\/div>\n\t\t\t\t\t<\/div>\n\t\t<\/section>\n\t\t\t\t\t<\/div>\n\t\t<\/div>\n\t\t\t\t\t<\/div>\n\t\t<\/section>\n\t\t\t\t<section class=\"elementor-section elementor-top-section elementor-element elementor-element-2fa2afa elementor-section-boxed elementor-section-height-default elementor-section-height-default\" data-id=\"2fa2afa\" data-element_type=\"section\">\n\t\t\t\t\t\t<div class=\"elementor-container elementor-column-gap-default\">\n\t\t\t\t\t<div class=\"elementor-column elementor-col-100 elementor-top-column elementor-element elementor-element-b428ad9\" data-id=\"b428ad9\" data-element_type=\"column\">\n\t\t\t<div class=\"elementor-widget-wrap elementor-element-populated\">\n\t\t\t\t\t\t<div class=\"elementor-element elementor-element-bcc54c4 elementor-widget elementor-widget-text-editor\" data-id=\"bcc54c4\" data-element_type=\"widget\" data-widget_type=\"text-editor.default\">\n\t\t\t\t<div class=\"elementor-widget-container\">\n\t\t\t\t\t\t\t<h4>Tr\u00e9ninky Mlad\u00fdch hasi\u010d\u016f<\/h4>\n<table>\n<tbody>\n<tr>\n<td><\/td>\n<td>mlad\u0161\u00ed \u017e\u00e1ci<\/td>\n<td>star\u0161\u00ed \u017e\u00e1ci<\/td>\n<\/tr>\n<tr>\n<td>pond\u011bl\u00ed<\/td>\n<td>17:00 a\u017e 18:00<\/td>\n<td>18:00 a\u017e 19:00<\/td>\n<\/tr>\n<tr>\n<td>p\u00e1tek<\/td>\n<td>17:00 a\u017e 18:00<\/td>\n<td>18:00 a\u017e 19:00<\/td>\n<\/tr>\n<\/tbody>\n<\/table>\t\t\t\t\t\t<\/div>\n\t\t\t\t<\/div>\n\t\t\t\t\t<\/div>\n\t\t<\/div>\n\t\t\t\t\t<\/div>\n\t\t<\/section>\n\t\t\t\t<\/div>\n\t\t","protected":false},"excerpt":{"rendered":"<p>Mlad\u00ed hasi\u010di Kolektiv mlad\u00fdch hasi\u010d\u016f byl zalo\u017een v roce 2011 a nyn\u00ed \u010d\u00edt\u00e1 25 d\u011bt\u00ed v kategorii mlad\u0161\u00ed a star\u0161\u00ed \u017e\u00e1ci a 5 dorostenc\u016f. Cel\u00fd kolektiv se od roku 2012 pravideln\u011b \u00fa\u010dastn\u00ed z\u00e1vod\u016f za\u0159azen\u00fdch do Okresn\u00ed ligy ml\u00e1de\u017ee okresu Blansko, celost\u00e1tn\u00ed hry Plamen, \u010cesk\u00e9ho poh\u00e1ru v b\u011bhu na 100 metr\u016f s p\u0159ek\u00e1\u017ekami. P\u0159i voln\u00fdch v\u00edkendech [&hellip;]<\/p>\n","protected":false},"author":1,"featured_media":0,"parent":0,"menu_order":0,"comment_status":"closed","ping_status":"closed","template":"","meta":{"_uag_custom_page_level_css":"","site-sidebar-layout":"no-sidebar","site-content-layout":"page-builder","ast-site-content-layout":"","site-content-style":"default","site-sidebar-style":"default","ast-global-header-display":"","ast-banner-title-visibility":"","ast-main-header-display":"","ast-hfb-above-header-display":"","ast-hfb-below-header-display":"","ast-hfb-mobile-header-display":"","site-post-title":"disabled","ast-breadcrumbs-content":"","ast-featured-img":"disabled","footer-sml-layout":"","theme-transparent-header-meta":"default","adv-header-id-meta":"","stick-header-meta":"","header-above-stick-meta":"","header-main-stick-meta":"","header-below-stick-meta":"","astra-migrate-meta-layouts":"default","ast-page-background-enabled":"default","ast-page-background-meta":{"desktop":{"background-color":"var(--ast-global-color-4)","background-image":"","background-repeat":"repeat","background-position":"center center","background-size":"auto","background-attachment":"scroll","background-type":"","background-media":"","overlay-type":"","overlay-color":"","overlay-gradient":""},"tablet":{"background-color":"","background-image":"","background-repeat":"repeat","background-position":"center center","background-size":"auto","background-attachment":"scroll","background-type":"","background-media":"","overlay-type":"","overlay-color":"","overlay-gradient":""},"mobile":{"background-color":"","background-image":"","background-repeat":"repeat","background-position":"center center","background-size":"auto","background-attachment":"scroll","background-type":"","background-media":"","overlay-type":"","overlay-color":"","overlay-gradient":""}},"ast-content-background-meta":{"desktop":{"background-color":"var(--ast-global-color-5)","background-image":"","background-repeat":"repeat","background-position":"center center","background-size":"auto","background-attachment":"scroll","background-type":"","background-media":"","overlay-type":"","overlay-color":"","overlay-gradient":""},"tablet":{"background-color":"var(--ast-global-color-5)","background-image":"","background-repeat":"repeat","background-position":"center center","background-size":"auto","background-attachment":"scroll","background-type":"","background-media":"","overlay-type":"","overlay-color":"","overlay-gradient":""},"mobile":{"background-color":"var(--ast-global-color-5)","background-image":"","background-repeat":"repeat","background-position":"center center","background-size":"auto","background-attachment":"scroll","background-type":"","background-media":"","overlay-type":"","overlay-color":"","overlay-gradient":""}},"footnotes":""},"class_list":["post-145","page","type-page","status-publish","hentry"],"uagb_featured_image_src":{"full":false,"thumbnail":false,"medium":false,"medium_large":false,"large":false,"1536x1536":false,"2048x2048":false},"uagb_author_info":{"display_name":"admin","author_link":"http:\/\/www.sdh-brezina.cz\/?author=1"},"uagb_comment_info":0,"uagb_excerpt":"Mlad\u00ed hasi\u010di Kolektiv mlad\u00fdch hasi\u010d\u016f byl zalo\u017een v roce 2011 a nyn\u00ed \u010d\u00edt\u00e1 25 d\u011bt\u00ed v kategorii mlad\u0161\u00ed a star\u0161\u00ed \u017e\u00e1ci a 5 dorostenc\u016f. Cel\u00fd kolektiv se od roku 2012 pravideln\u011b \u00fa\u010dastn\u00ed z\u00e1vod\u016f za\u0159azen\u00fdch do Okresn\u00ed ligy ml\u00e1de\u017ee okresu Blansko, celost\u00e1tn\u00ed hry Plamen, \u010cesk\u00e9ho poh\u00e1ru v b\u011bhu na 100 metr\u016f s p\u0159ek\u00e1\u017ekami. P\u0159i voln\u00fdch v\u00edkendech&hellip;","_links":{"self":[{"href":"http:\/\/www.sdh-brezina.cz\/index.php?rest_route=\/wp\/v2\/pages\/145","targetHints":{"allow":["GET"]}}],"collection":[{"href":"http:\/\/www.sdh-brezina.cz\/index.php?rest_route=\/wp\/v2\/pages"}],"about":[{"href":"http:\/\/www.sdh-brezina.cz\/index.php?rest_route=\/wp\/v2\/types\/page"}],"author":[{"embeddable":true,"href":"http:\/\/www.sdh-brezina.cz\/index.php?rest_route=\/wp\/v2\/users\/1"}],"replies":[{"embeddable":true,"href":"http:\/\/www.sdh-brezina.cz\/index.php?rest_route=%2Fwp%2Fv2%2Fcomments&post=145"}],"version-history":[{"count":32,"href":"http:\/\/www.sdh-brezina.cz\/index.php?rest_route=\/wp\/v2\/pages\/145\/revisions"}],"predecessor-version":[{"id":25098,"href":"http:\/\/www.sdh-brezina.cz\/index.php?rest_route=\/wp\/v2\/pages\/145\/revisions\/25098"}],"wp:attachment":[{"href":"http:\/\/www.sdh-brezina.cz\/index.php?rest_route=%2Fwp%2Fv2%2Fmedia&parent=145"}],"curies":[{"name":"wp","href":"https:\/\/api.w.org\/{rel}","templated":true}]}}