{"id":24615,"date":"2021-03-05T10:04:26","date_gmt":"2021-03-05T10:04:26","guid":{"rendered":"http:\/\/www.sdh-brezina.cz\/?page_id=24615"},"modified":"2025-12-05T14:37:56","modified_gmt":"2025-12-05T14:37:56","slug":"uspechy-mladych-hasicu","status":"publish","type":"page","link":"http:\/\/www.sdh-brezina.cz\/?page_id=24615","title":{"rendered":"\u00dasp\u011bchy mlad\u00fdch hasi\u010d\u016f"},"content":{"rendered":"\t\t<div data-elementor-type=\"wp-post\" data-elementor-id=\"24615\" class=\"elementor elementor-24615\">\n\t\t\t\t\t\t<section class=\"elementor-section elementor-top-section elementor-element elementor-element-74ba2fac elementor-section-boxed elementor-section-height-default elementor-section-height-default\" data-id=\"74ba2fac\" data-element_type=\"section\" data-settings=\"{&quot;background_background&quot;:&quot;classic&quot;,&quot;shape_divider_bottom&quot;:&quot;triangle&quot;,&quot;shape_divider_bottom_negative&quot;:&quot;yes&quot;}\">\n\t\t\t\t\t\t\t<div class=\"elementor-background-overlay\"><\/div>\n\t\t\t\t\t\t<div class=\"elementor-shape elementor-shape-bottom\" data-negative=\"true\">\n\t\t\t<svg xmlns=\"http:\/\/www.w3.org\/2000\/svg\" viewBox=\"0 0 1000 100\" preserveAspectRatio=\"none\">\n\t<path class=\"elementor-shape-fill\" d=\"M500.2,94.7L0,0v100h1000V0L500.2,94.7z\"\/>\n<\/svg>\t\t<\/div>\n\t\t\t\t\t<div class=\"elementor-container elementor-column-gap-default\">\n\t\t\t\t\t<div class=\"elementor-column elementor-col-100 elementor-top-column elementor-element elementor-element-23262dea\" data-id=\"23262dea\" data-element_type=\"column\">\n\t\t\t<div class=\"elementor-widget-wrap elementor-element-populated\">\n\t\t\t\t\t\t<div class=\"elementor-element elementor-element-27af6558 elementor-widget elementor-widget-heading\" data-id=\"27af6558\" data-element_type=\"widget\" data-settings=\"{&quot;_animation&quot;:&quot;none&quot;}\" data-widget_type=\"heading.default\">\n\t\t\t\t<div class=\"elementor-widget-container\">\n\t\t\t<h2 class=\"elementor-heading-title elementor-size-default\">\u00dasp\u011bchy mlad\u00fdch hasi\u010d\u016f<\/h2>\t\t<\/div>\n\t\t\t\t<\/div>\n\t\t\t\t\t<\/div>\n\t\t<\/div>\n\t\t\t\t\t<\/div>\n\t\t<\/section>\n\t\t\t\t<section class=\"elementor-section elementor-top-section elementor-element elementor-element-8dc6205 elementor-reverse-mobile elementor-section-boxed elementor-section-height-default elementor-section-height-default\" data-id=\"8dc6205\" data-element_type=\"section\" data-settings=\"{&quot;background_background&quot;:&quot;classic&quot;}\">\n\t\t\t\t\t\t\t<div class=\"elementor-background-overlay\"><\/div>\n\t\t\t\t\t\t\t<div class=\"elementor-container elementor-column-gap-no\">\n\t\t\t\t\t<div class=\"elementor-column elementor-col-100 elementor-top-column elementor-element elementor-element-0b0aedc\" data-id=\"0b0aedc\" data-element_type=\"column\">\n\t\t\t<div class=\"elementor-widget-wrap elementor-element-populated\">\n\t\t\t\t\t\t<div class=\"elementor-element elementor-element-4297e37 elementor-widget elementor-widget-text-editor\" data-id=\"4297e37\" data-element_type=\"widget\" data-widget_type=\"text-editor.default\">\n\t\t\t\t<div class=\"elementor-widget-container\">\n\t\t\t\t\t\t\t<p>&nbsp;<\/p>\n<table>\n<tbody>\n<tr>\n<td>\n<h4>2025<\/h4>\n<\/td>\n<td><strong>Star\u0161\u00ed \u017e\u00e1ci \u2013 2. m\u00edsto <\/strong>Okresn\u00ed liga ml\u00e1de\u017ee<\/td>\n<\/tr>\n<tr>\n<td>\n<h4>2023<\/h4>\n<\/td>\n<td><strong>Mlad\u0161\u00ed \u017e\u00e1ci \u2013 3. m\u00edsto <\/strong>Okresn\u00ed liga ml\u00e1de\u017ee<\/td>\n<\/tr>\n<tr>\n<td>\n<h4>2022<\/h4>\n<\/td>\n<td><strong>Mlad\u0161\u00ed \u017e\u00e1ci \u2013 3. m\u00edsto <\/strong>Okresn\u00ed liga ml\u00e1de\u017ee<\/td>\n<\/tr>\n<tr>\n<td><\/td>\n<td><strong>Mlad\u0161\u00ed \u017e\u00e1ci \u2013 3. m\u00edsto <\/strong>okresn\u00ed kolo hry Plamen<\/td>\n<\/tr>\n<tr>\n<td>\n<h4>2021<\/h4>\n<\/td>\n<td><strong>Mlad\u0161\u00ed \u017e\u00e1ci \u2013 1. m\u00edsto <\/strong>okresn\u00ed kolo hry Plamen<\/td>\n<\/tr>\n<tr>\n<td><\/td>\n<td><strong>Star\u0161\u00ed \u017e\u00e1ci \u2013 2. m\u00edsto<\/strong>&nbsp;okresn\u00ed kolo hry Plamen<\/td>\n<\/tr>\n<tr>\n<td><\/td>\n<td><strong>Denisa Neu\u017eilov\u00e1 \u2013 1. m\u00edsto <\/strong>okresn\u00ed kolo Po\u017e\u00e1rn\u00ed ochrana o\u010dima d\u011bt\u00ed<\/td>\n<\/tr>\n<tr>\n<td><\/td>\n<td><strong>Julie N\u011bme\u010dkov\u00e1 \u2013 1. m\u00edsto <\/strong>okresn\u00ed kolo Po\u017e\u00e1rn\u00ed ochrana o\u010dima d\u011bt\u00ed<\/td>\n<\/tr>\n<tr>\n<td><\/td>\n<td><strong>Martin \u0160legl \u2013 1. m\u00edsto <\/strong>okresn\u00ed kolo Po\u017e\u00e1rn\u00ed ochrana o\u010dima d\u011bt\u00ed<\/td>\n<\/tr>\n<tr>\n<td><\/td>\n<td><strong>Linda Bedna\u0159\u00edkov\u00e1 \u2013 2. m\u00edsto <\/strong>okresn\u00ed kolo Po\u017e\u00e1rn\u00ed ochrana o\u010dima d\u011bt\u00ed<\/td>\n<\/tr>\n<tr>\n<td><\/td>\n<td><strong>Petra Neu\u017eilov\u00e1 \u2013 3. m\u00edsto <\/strong>okresn\u00ed kolo Po\u017e\u00e1rn\u00ed ochrana o\u010dima d\u011bt\u00ed<\/td>\n<\/tr>\n<tr>\n<td><\/td>\n<td><strong>Denisa Neu\u017eilov\u00e1 \u2013 1. m\u00edsto <\/strong>krajsk\u00e9 kolo Po\u017e\u00e1rn\u00ed ochrana o\u010dima d\u011bt\u00ed<\/td>\n<\/tr>\n<tr>\n<td><\/td>\n<td><strong>Denisa Neu\u017eilov\u00e1 \u2013 1. m\u00edsto <\/strong>republikov\u00e9&nbsp;kolo Po\u017e\u00e1rn\u00ed ochrana o\u010dima d\u011bt\u00ed<\/td>\n<\/tr>\n<tr>\n<td>\n<h4>2020<\/h4>\n<\/td>\n<td><strong>Julie N\u011bme\u010dkov\u00e1 \u2013 1. m\u00edsto&nbsp;<\/strong>okresn\u00ed kolo Po\u017e\u00e1rn\u00ed ochrana o\u010dima d\u011bt\u00ed<strong><br>\n<\/strong><\/td>\n<\/tr>\n<tr>\n<td><\/td>\n<td><strong>Julie N\u011bme\u010dkov\u00e1 \u2013 1. m\u00edsto&nbsp;<\/strong>krajsk\u00e9 kolo Po\u017e\u00e1rn\u00ed ochrana o\u010dima d\u011bt\u00ed<\/td>\n<\/tr>\n<tr>\n<td><\/td>\n<td><strong>Julie N\u011bme\u010dkov\u00e1 \u2013 3. m\u00edsto&nbsp;<\/strong>republikov\u00e9 kolo Po\u017e\u00e1rn\u00ed ochrana o\u010dima d\u011bt\u00ed<\/td>\n<\/tr>\n<tr>\n<td>\n<h4>2019<\/h4>\n<\/td>\n<td><strong>Star\u0161\u00ed \u017e\u00e1ci \u2013 2. m\u00edsto<\/strong>&nbsp;Okresn\u00ed liga ml\u00e1de\u017ee<\/td>\n<\/tr>\n<tr>\n<td><\/td>\n<td><strong>Petra Neu\u017eilov\u00e1 \u2013 2. m\u00edsto&nbsp;<\/strong>Okresn\u00ed liga dorostu<strong><br>\n<\/strong><\/td>\n<\/tr>\n<tr>\n<td><\/td>\n<td><strong>Denisa Neu\u017eilov\u00e1 \u2013 3. m\u00edsto&nbsp;<\/strong>Okresn\u00ed liga dorostu<strong><br>\n<\/strong><\/td>\n<\/tr>\n<tr>\n<td><\/td>\n<td><strong>Star\u0161\u00ed \u017e\u00e1ci \u2013 2. m\u00edsto<\/strong>&nbsp;okresn\u00ed kolo hry Plamen<\/td>\n<\/tr>\n<tr>\n<td><\/td>\n<td><strong>Dorostenky \u2013 1. m\u00edsto<\/strong>&nbsp;okresn\u00ed kolo dorostu<\/td>\n<\/tr>\n<tr>\n<td><\/td>\n<td><strong>Maty\u00e1\u0161 Han\u00e1k \u2013 2. m\u00edsto<\/strong>&nbsp;okresn\u00ed kolo dorostu<\/td>\n<\/tr>\n<tr>\n<td><\/td>\n<td><strong>Dorostenky \u2013 2. m\u00edsto<\/strong>&nbsp;krajsk\u00e9 kolo dorostu<\/td>\n<\/tr>\n<tr>\n<td>\n<h4>2018<\/h4>\n<\/td>\n<td><strong>Star\u0161\u00ed \u017e\u00e1ci \u2013 2. m\u00edsto<\/strong>&nbsp;Okresn\u00ed liga ml\u00e1de\u017ee<\/td>\n<\/tr>\n<tr>\n<td><\/td>\n<td><strong>Ad\u00e9la Mikulov\u00e1 \u2013 1. m\u00edsto<\/strong>&nbsp;Okresn\u00ed liga dorostu<strong><br>\n<\/strong><\/td>\n<\/tr>\n<tr>\n<td><\/td>\n<td><strong>Denisa Neu\u017eilov\u00e1 \u2013 3. m\u00edsto<\/strong>&nbsp;Okresn\u00ed liga dorostu<strong><br>\n<\/strong><\/td>\n<\/tr>\n<tr>\n<td><\/td>\n<td><strong>Petra Neu\u017eilov\u00e1 \u2013 1. m\u00edsto&nbsp;<\/strong>okresn\u00ed kolo dorostu<strong><br>\n<\/strong><\/td>\n<\/tr>\n<tr>\n<td><\/td>\n<td><strong>Ad\u00e9la Mikulov\u00e1 \u2013 2. m\u00edsto&nbsp;<\/strong>okresn\u00ed kolo dorostu<strong><br>\n<\/strong><\/td>\n<\/tr>\n<tr>\n<td><\/td>\n<td><strong>Denisa Neu\u017eilov\u00e1 \u2013 3. m\u00edsto&nbsp;<\/strong>okresn\u00ed kolo dorostu<strong><br>\n<\/strong><\/td>\n<\/tr>\n<tr>\n<td><\/td>\n<td><strong>Maty\u00e1\u0161 Han\u00e1k \u2013 1. m\u00edsto&nbsp;<\/strong>okresn\u00ed kolo dorostu<strong><br>\n<\/strong><\/td>\n<\/tr>\n<tr>\n<td><\/td>\n<td><strong>Petra Neu\u017eilov\u00e1 \u2013 2. m\u00edsto&nbsp;<\/strong>krajsk\u00e9 kolo dorostu<strong><br>\n<\/strong><\/td>\n<\/tr>\n<tr>\n<td><\/td>\n<td><strong>Denisa Neu\u017eilov\u00e1 \u2013 1. m\u00edsto&nbsp;<\/strong>okresn\u00ed kolo Po\u017e\u00e1rn\u00ed ochrana o\u010dima d\u011bt\u00ed<strong><br>\n<\/strong><\/td>\n<\/tr>\n<tr>\n<td><\/td>\n<td><strong>Denisa Neu\u017eilov\u00e1 \u2013 1. m\u00edsto&nbsp;<\/strong>krajsk\u00e9 kolo Po\u017e\u00e1rn\u00ed ochrana o\u010dima d\u011bt\u00ed<\/td>\n<\/tr>\n<tr>\n<td>\n<h4>2017<\/h4>\n<\/td>\n<td><strong>Star\u0161\u00ed \u017e\u00e1ci \u2013 1. m\u00edsto&nbsp;<\/strong>Okresn\u00ed liga ml\u00e1de\u017ee<strong><br>\n<\/strong><\/td>\n<\/tr>\n<tr>\n<td><\/td>\n<td><strong>Mlad\u0161\u00ed \u017e\u00e1ci \u2013 3. m\u00edsto&nbsp;<\/strong>Okresn\u00ed liga ml\u00e1de\u017ee<strong><br>\n<\/strong><\/td>\n<\/tr>\n<tr>\n<td><\/td>\n<td><strong>Petra Neu\u017eilov\u00e1 \u2013 3. m\u00edsto&nbsp;<\/strong>Okresn\u00ed liga dorostu<strong><br>\n<\/strong><\/td>\n<\/tr>\n<tr>\n<td><\/td>\n<td><strong>Denisa Neu\u017eilov\u00e1 \u2013 2. m\u00edsto&nbsp;<\/strong>Okresn\u00ed liga dorostu<strong><br>\n<\/strong><\/td>\n<\/tr>\n<tr>\n<td><\/td>\n<td><strong>Maty\u00e1\u0161 Han\u00e1k \u2013 3. m\u00edsto&nbsp;<\/strong>Okresn\u00ed liga dorostu<strong><br>\n<\/strong><\/td>\n<\/tr>\n<tr>\n<td><\/td>\n<td><strong>Julie N\u011bme\u010dkov\u00e1 \u2013 3. m\u00edsto&nbsp;<\/strong>Okresn\u00ed kolo dorostu<strong><br>\n<\/strong><\/td>\n<\/tr>\n<tr>\n<td><\/td>\n<td><strong>Denisa Neu\u017eilov\u00e1 \u2013 2. m\u00edsto&nbsp;<\/strong>Okresn\u00ed kolo dorostu<strong><br>\n<\/strong><\/td>\n<\/tr>\n<tr>\n<td><\/td>\n<td><strong>Denisa Neu\u017eilov\u00e1 \u2013 3. m\u00edsto<\/strong>&nbsp;krajsk\u00e9 kolo dorostu<strong><br>\n<\/strong><\/td>\n<\/tr>\n<tr>\n<td>\n<h4>2016<\/h4>\n<\/td>\n<td><strong>Mlad\u0161\u00ed \u017e\u00e1ci \u2013 3. m\u00edsto&nbsp;<\/strong>Okresn\u00ed liga ml\u00e1de\u017ee<strong><br>\n<\/strong><\/td>\n<\/tr>\n<tr>\n<td><\/td>\n<td><strong>Denisa Neu\u017eilov\u00e1 \u2013 2. m\u00edsto&nbsp;<\/strong>Okresn\u00ed liga dorostu<strong><br>\n<\/strong><\/td>\n<\/tr>\n<tr>\n<td>\n<h4>2015<\/h4>\n<\/td>\n<td><strong>Mlad\u0161\u00ed \u017e\u00e1ci \u2013 3. m\u00edsto&nbsp;<\/strong>Okresn\u00ed liga ml\u00e1de\u017ee<strong><br>\n<\/strong><\/td>\n<\/tr>\n<tr>\n<td><\/td>\n<td><strong>Karol\u00edna Dost\u00e1lov\u00e1 \u2013 1. m\u00edsto&nbsp;<\/strong>Okresn\u00ed liga dorostu<strong><br>\n<\/strong><\/td>\n<\/tr>\n<\/tbody>\n<\/table>\n<p>&nbsp;<\/p>\n<p><strong>&nbsp;<\/strong><\/p>\t\t\t\t\t\t<\/div>\n\t\t\t\t<\/div>\n\t\t\t\t\t<\/div>\n\t\t<\/div>\n\t\t\t\t\t<\/div>\n\t\t<\/section>\n\t\t\t\t<\/div>\n\t\t","protected":false},"excerpt":{"rendered":"<p>\u00dasp\u011bchy mlad\u00fdch hasi\u010d\u016f &nbsp; 2025 Star\u0161\u00ed \u017e\u00e1ci \u2013 2. m\u00edsto Okresn\u00ed liga ml\u00e1de\u017ee 2023 Mlad\u0161\u00ed \u017e\u00e1ci \u2013 3. m\u00edsto Okresn\u00ed liga ml\u00e1de\u017ee 2022 Mlad\u0161\u00ed \u017e\u00e1ci \u2013 3. m\u00edsto Okresn\u00ed liga ml\u00e1de\u017ee Mlad\u0161\u00ed \u017e\u00e1ci \u2013 3. m\u00edsto okresn\u00ed kolo hry Plamen 2021 Mlad\u0161\u00ed \u017e\u00e1ci \u2013 1. m\u00edsto okresn\u00ed kolo hry Plamen Star\u0161\u00ed \u017e\u00e1ci \u2013 2. m\u00edsto&nbsp;okresn\u00ed [&hellip;]<\/p>\n","protected":false},"author":1,"featured_media":0,"parent":145,"menu_order":0,"comment_status":"closed","ping_status":"closed","template":"","meta":{"_uag_custom_page_level_css":"","site-sidebar-layout":"no-sidebar","site-content-layout":"page-builder","ast-site-content-layout":"","site-content-style":"default","site-sidebar-style":"default","ast-global-header-display":"","ast-banner-title-visibility":"","ast-main-header-display":"","ast-hfb-above-header-display":"","ast-hfb-below-header-display":"","ast-hfb-mobile-header-display":"","site-post-title":"disabled","ast-breadcrumbs-content":"","ast-featured-img":"disabled","footer-sml-layout":"","theme-transparent-header-meta":"default","adv-header-id-meta":"","stick-header-meta":"","header-above-stick-meta":"","header-main-stick-meta":"","header-below-stick-meta":"","astra-migrate-meta-layouts":"default","ast-page-background-enabled":"default","ast-page-background-meta":{"desktop":{"background-color":"var(--ast-global-color-4)","background-image":"","background-repeat":"repeat","background-position":"center center","background-size":"auto","background-attachment":"scroll","background-type":"","background-media":"","overlay-type":"","overlay-color":"","overlay-gradient":""},"tablet":{"background-color":"","background-image":"","background-repeat":"repeat","background-position":"center center","background-size":"auto","background-attachment":"scroll","background-type":"","background-media":"","overlay-type":"","overlay-color":"","overlay-gradient":""},"mobile":{"background-color":"","background-image":"","background-repeat":"repeat","background-position":"center center","background-size":"auto","background-attachment":"scroll","background-type":"","background-media":"","overlay-type":"","overlay-color":"","overlay-gradient":""}},"ast-content-background-meta":{"desktop":{"background-color":"var(--ast-global-color-5)","background-image":"","background-repeat":"repeat","background-position":"center center","background-size":"auto","background-attachment":"scroll","background-type":"","background-media":"","overlay-type":"","overlay-color":"","overlay-gradient":""},"tablet":{"background-color":"var(--ast-global-color-5)","background-image":"","background-repeat":"repeat","background-position":"center center","background-size":"auto","background-attachment":"scroll","background-type":"","background-media":"","overlay-type":"","overlay-color":"","overlay-gradient":""},"mobile":{"background-color":"var(--ast-global-color-5)","background-image":"","background-repeat":"repeat","background-position":"center center","background-size":"auto","background-attachment":"scroll","background-type":"","background-media":"","overlay-type":"","overlay-color":"","overlay-gradient":""}},"footnotes":""},"class_list":["post-24615","page","type-page","status-publish","hentry"],"uagb_featured_image_src":{"full":false,"thumbnail":false,"medium":false,"medium_large":false,"large":false,"1536x1536":false,"2048x2048":false},"uagb_author_info":{"display_name":"admin","author_link":"http:\/\/www.sdh-brezina.cz\/?author=1"},"uagb_comment_info":0,"uagb_excerpt":"\u00dasp\u011bchy mlad\u00fdch hasi\u010d\u016f &nbsp; 2025 Star\u0161\u00ed \u017e\u00e1ci \u2013 2. m\u00edsto Okresn\u00ed liga ml\u00e1de\u017ee 2023 Mlad\u0161\u00ed \u017e\u00e1ci \u2013 3. m\u00edsto Okresn\u00ed liga ml\u00e1de\u017ee 2022 Mlad\u0161\u00ed \u017e\u00e1ci \u2013 3. m\u00edsto Okresn\u00ed liga ml\u00e1de\u017ee Mlad\u0161\u00ed \u017e\u00e1ci \u2013 3. m\u00edsto okresn\u00ed kolo hry Plamen 2021 Mlad\u0161\u00ed \u017e\u00e1ci \u2013 1. m\u00edsto okresn\u00ed kolo hry Plamen Star\u0161\u00ed \u017e\u00e1ci \u2013 2. m\u00edsto&nbsp;okresn\u00ed&hellip;","_links":{"self":[{"href":"http:\/\/www.sdh-brezina.cz\/index.php?rest_route=\/wp\/v2\/pages\/24615","targetHints":{"allow":["GET"]}}],"collection":[{"href":"http:\/\/www.sdh-brezina.cz\/index.php?rest_route=\/wp\/v2\/pages"}],"about":[{"href":"http:\/\/www.sdh-brezina.cz\/index.php?rest_route=\/wp\/v2\/types\/page"}],"author":[{"embeddable":true,"href":"http:\/\/www.sdh-brezina.cz\/index.php?rest_route=\/wp\/v2\/users\/1"}],"replies":[{"embeddable":true,"href":"http:\/\/www.sdh-brezina.cz\/index.php?rest_route=%2Fwp%2Fv2%2Fcomments&post=24615"}],"version-history":[{"count":19,"href":"http:\/\/www.sdh-brezina.cz\/index.php?rest_route=\/wp\/v2\/pages\/24615\/revisions"}],"predecessor-version":[{"id":25701,"href":"http:\/\/www.sdh-brezina.cz\/index.php?rest_route=\/wp\/v2\/pages\/24615\/revisions\/25701"}],"up":[{"embeddable":true,"href":"http:\/\/www.sdh-brezina.cz\/index.php?rest_route=\/wp\/v2\/pages\/145"}],"wp:attachment":[{"href":"http:\/\/www.sdh-brezina.cz\/index.php?rest_route=%2Fwp%2Fv2%2Fmedia&parent=24615"}],"curies":[{"name":"wp","href":"https:\/\/api.w.org\/{rel}","templated":true}]}}